{"id":407,"date":"2019-11-11T08:33:51","date_gmt":"2019-11-11T08:33:51","guid":{"rendered":"https:\/\/demo.casethemes.net\/consultio\/?page_id=407"},"modified":"2022-04-11T19:45:08","modified_gmt":"2022-04-11T19:45:08","slug":"resena-historica","status":"publish","type":"page","link":"https:\/\/www.mexicaltzingo.gob.mx\/2022\/resena-historica\/","title":{"rendered":"Rese\u00f1a Hist\u00f3rica"},"content":{"rendered":"\t\t<div data-elementor-type=\"wp-page\" data-elementor-id=\"407\" class=\"elementor elementor-407\">\n\t\t\t\t\t\t\t        <section class=\"elementor-section elementor-top-section elementor-element elementor-element-7d640f1 elementor-section-boxed elementor-section-height-default elementor-section-height-default ct-header-fixed-none\" data-id=\"7d640f1\" data-element_type=\"section\">\n            \n                        <div class=\"elementor-container elementor-column-gap-extended \">\n                    <div class=\"elementor-column elementor-col-100 elementor-top-column elementor-element elementor-element-1e2ce89\" data-id=\"1e2ce89\" data-element_type=\"column\">\n            <div class=\"elementor-widget-wrap elementor-element-populated\">\n                        \t\t<div class=\"elementor-element elementor-element-16d5b63 elementor-widget elementor-widget-ct_service_grid\" data-id=\"16d5b63\" data-element_type=\"widget\" data-widget_type=\"ct_service_grid.default\">\n\t\t\t\t<div class=\"elementor-widget-container\">\n\t\t\t\r\n<div id=\"ct_service_grid-16d5b63\" class=\"ct-grid ct-service-grid1\" data-layout=\"masonry\" data-start-page=\"1\" data-max-pages=\"0\" data-total=\"0\" data-perpage=\"6\" data-next-link=\"https:\/\/www.mexicaltzingo.gob.mx\/2022\/wp-json\/wp\/v2\/pages\/407\/page\/2\/\">\r\n    <div class=\"ct-grid-overlay\"><\/div>\r\n    \r\n    <div class=\"ct-grid-inner ct-grid-masonry row animate-time\" data-gutter=\"15\">\r\n                            <div class=\"grid-sizer col-xl-4 col-lg-4 col-md-6 col-sm-6 col-12\"><\/div>\r\n            <\/div>\r\n        <\/div>\t\t<\/div>\n\t\t\t\t<\/div>\n\t\t            <\/div>\n        <\/div>\n                            <\/div>\n        <\/section>\n                <section class=\"elementor-section elementor-top-section elementor-element elementor-element-4bc6959 elementor-section-boxed elementor-section-height-default elementor-section-height-default ct-header-fixed-none\" data-id=\"4bc6959\" data-element_type=\"section\">\n            \n                        <div class=\"elementor-container elementor-column-gap-default \">\n                    <div class=\"elementor-column elementor-col-100 elementor-top-column elementor-element elementor-element-7910d9f\" data-id=\"7910d9f\" data-element_type=\"column\">\n            <div class=\"elementor-widget-wrap elementor-element-populated\">\n                        \t\t<div class=\"elementor-element elementor-element-c1702c2 elementor-widget elementor-widget-text-editor\" data-id=\"c1702c2\" data-element_type=\"widget\" data-widget_type=\"text-editor.default\">\n\t\t\t\t<div class=\"elementor-widget-container\">\n\t\t\t<style>\/*! elementor - v3.6.2 - 04-04-2022 *\/\n.elementor-widget-text-editor.elementor-drop-cap-view-stacked .elementor-drop-cap{background-color:#818a91;color:#fff}.elementor-widget-text-editor.elementor-drop-cap-view-framed .elementor-drop-cap{color:#818a91;border:3px solid;background-color:transparent}.elementor-widget-text-editor:not(.elementor-drop-cap-view-default) .elementor-drop-cap{margin-top:8px}.elementor-widget-text-editor:not(.elementor-drop-cap-view-default) .elementor-drop-cap-letter{width:1em;height:1em}.elementor-widget-text-editor .elementor-drop-cap{float:left;text-align:center;line-height:1;font-size:50px}.elementor-widget-text-editor .elementor-drop-cap-letter{display:inline-block}<\/style>\t\t\t\t<p style=\"text-align: justify;\">En el territorio que hoy ocupa el municipio de Mexicaltzingo existen parajes denominados Las Palmas y La Loma, antes Tecacaxtitla, en los que se encuentra cer\u00e1mica perteneciente a la \u00e9poca teotihuacana. Hubo, tambi\u00e9n una estrecha relaci\u00f3n entre Toluca y Tula.<\/p>\n<p style=\"text-align: justify;\">Axay\u00e1catl, as\u00ed como orden\u00f3 que se fundara Calixtlahuaca, hizo lo propio para que cierto n\u00famero de familias mexicanas de los diferentes lugares del valle de M\u00e9xico poblara el territorio de Toluca, fund\u00e1ndose as\u00ed un gran n\u00famero de asentamientos a los que los inmigrantes les dieron el nombre del lugar de donde proced\u00edan; surgieron as\u00ed en los alrededores de Toluca, los de Huitzila, con gentes de Hutzilopochtli, Tlacopan, Atzcapotzaltonco, Capultitl\u00e1n o Capulteopan; Chapultepec, Mexicaltzinco, Yancuitlapan, etc.<\/p>\n<p style=\"text-align: justify;\">Mexicaltzinco fue fundado en el a\u00f1o Chiconahui \u00e1catl (nueve ca\u00f1a), que corresponde a 1475 de nuestro calendario, con gente de un pueblo cercano a Ixtapalapa. Esta nueva localidad dispersa, de ascendencia azteca, se estableci\u00f3 en los terrenos que actualmente ocupa la cabecera del municipio de Mexicaltzingo.<\/p>\n<p style=\"text-align: justify;\">En la conquista de una manera despiadada fue sometido Mexicaltzinco, al cual se le destruy\u00f3 su teocalli, se dispers\u00f3 a su poblaci\u00f3n y se dejaron abandonadas las tierras. Algunos mexicaltzinguenses volvieron a reunirse alrededor de 1527 en el pueblo al que los espa\u00f1oles pusieron por nombre San Mateo y que los ind\u00edgenas llamaron Xan Mateuhtzin Mexicaltzinco. En 1534, seg\u00fan el C\u00f3dice Techialoyan, el pueblo San Mateo Mexicaltzingo estaba bajo la jurisdicci\u00f3n de San Antonio la Isla, los linderos que lo delimitaban fueron Tejocotitl\u00e1n, Huitzaquipa y Huapalcalco, aunque tambi\u00e9n se puede considerar a Tecuanitla.<\/p>\n<p style=\"text-align: justify;\">En 1560 San Mateo Mexicaltzingo qued\u00f3 dentro de los \u00abt\u00e9rminos\u00bb como pueblo estancia de Calimaya, que era la cabecera donde gobernaba un tlatoani, lo que significaba que estaba organizado en tlaxilacalli o calpulli, que adem\u00e1s ten\u00eda jefe local subordinado al jefe de cabecera y sus habitantes estaban obligados a pagar tributo y servicios a los funcionarios de \u00e9sta. En esa \u00e9poca resid\u00edan 1,108 habitantes.<\/p>\n<p style=\"text-align: justify;\">El 15 de noviembre de 1603, el virrey Marqu\u00e9s de Montes Claros dispuso que el pueblo de San Mateo Mexicaltzingo se congregara junto con los pueblos de Santa Mar\u00eda Concepci\u00f3n, San Bartolom\u00e9, San Miguel Chapultepec y San Andr\u00e9s Ocotl\u00e1n en San Antonio Otompa, anteriormente Techialoyan. Orden que no se cumpli\u00f3 y se les dot\u00f3 de solares suficientes para la manutenci\u00f3n de los indios y se dispon\u00eda que un religioso del convento de Calimaya administrara y diera doctrina a los indios.<\/p>\n<p style=\"text-align: justify;\">En el siglo XVIII San Mateo Mexicaltzingo tuvo problemas por la posesi\u00f3n del terreno llamado \u00abEl Potrero\u00bb, que fue reclamado en diferentes ocasiones por el pueblo de Chapultepec y la Condesa de Santiago Calimaya, que adem\u00e1s era Marquesa de Salvatierra; no obstante, el 17 de octubre de 1719, se le dio a San Mateo Mexicaltzingo el t\u00edtulo de propiedad de tal terreno.<\/p>\n<p style=\"text-align: justify;\">El 29 de octubre de 1810, el ej\u00e9rcito insurgente, al frente de Hidalgo y Allende, llega a Mexicaltzingo y a Chapultepec.<\/p>\n<p style=\"text-align: justify;\">La tradici\u00f3n oral en esta comunidad dice que Vicente Guerrero, despu\u00e9s de una azarosa traves\u00eda por el Valle de Toluca, pernoct\u00f3 en la fiscal\u00eda de la parroquia de San Mateo, siendo perseguido por Agust\u00edn de Iturbide. Al llegar a Mexicaltzingo, Iturbide se enter\u00f3 de lo sucedido, por lo que decidi\u00f3 colgar a los principales del pueblo por haber apoyado a Guerrero.<\/p>\n<p style=\"text-align: justify;\">En 1820 \u00ab\u0080\u009cel alcalde y dem\u00e1s que comprenden el ayuntamiento y todos los vecinos del pueblo de San Mateo Mexicalcingo\u2026 decimos: que de tiempo inmemorial nuestro pueblo siempre fue una parroquia o curato de reverendos franciscanos y quitado el convento se puso al pueblo una vicar\u00eda de pie fijo\u2026\u00bb\u0080\u009d Esto fue referido a las autoridades eclesi\u00e1sticas del Arzobispado de M\u00e9xico, despu\u00e9s de varias diligencias determin\u00f3 hasta el 28 de julio de 1823 que \u00ab\u0080\u009cestando calificadas las causas de necesidad y utilidad que resulta a los vecinos\u2026 erigimos en vicar\u00eda de pie fijo el referido pueblo de San Mateo Mexicalcingo la cual ha de comprender los pueblos de San Andr\u00e9s Ocotl\u00e1n, Concepci\u00f3n y Chapultepec\u00bb\u0080\u009d.<\/p>\n<p style=\"text-align: justify;\">El 15 de agosto de 1827, el gobernador Lorenzo de Zavala da posesi\u00f3n y adjudicaci\u00f3n de El Llano de Mexicaltzingo a este pueblo, ejecut\u00e1ndose esta acci\u00f3n por el juez de Tenango, Lic. Agust\u00edn Azo\u00f1os.<\/p>\n<p style=\"text-align: justify;\">En 1869 el licenciado Mariano Riva Palacio, gobernador del Estado de M\u00e9xico, firm\u00f3 el 8 de octubre de ese a\u00f1o el decreto 140 en el que la Legislatura Local el d\u00eda anterior aprob\u00f3 que Mexicalcingo se convirtiera en municipio; los diputados que firmaron el decreto fueron: Manuel Alas, presidente; Manuel Borja y Pedro Navarro, secretarios. Tambi\u00e9n Chapultepec se erige como municipio en el mismo decreto.<\/p>\n<p style=\"text-align: justify;\">El 30 de octubre del mismo a\u00f1o, el jefe pol\u00edtico de Tenango del Valle, Juan G\u00f3mez Guzm\u00e1n, instal\u00f3 a las autoridades municipales. En esa ocasi\u00f3n, el pueblo reunido escuch\u00f3 un emotivo discurso del Lic. Prisciliano Mar\u00eda D\u00edaz Gonz\u00e1lez, abogado del pueblo; entre los asistentes estaba el vicario del pueblo, el se\u00f1or Gil Tenorio, el presidente municipal de Calimaya, el se\u00f1or Francisco Zetina y algunos integrantes del ayuntamiento de Calimaya y acompa\u00f1antes del jefe pol\u00edtico; posteriormente, las autoridades reci\u00e9n electas pasaron a la casa consistorial, que a partir de esa fecha fue palacio municipal, a tomar cargo del poder y los objetos que se encontraban, adem\u00e1s de las comunidades y del Rancho San Crist\u00f3bal, propiedades del pueblo.<\/p>\n<p style=\"text-align: justify;\">En 1891 El Llano es fraccionado en 385 lotes, puesto que el Lic. Benito Ju\u00e1rez en 1868 y el gobierno del Estado en 1891, hab\u00edan declarado el terreno como ejido y seg\u00fan las leyes de la \u00e9poca, estos terrenos cedidos a los pueblos ind\u00edgenas desde los tiempos de la Colonia, deb\u00edan ser utilizados por los pobladores para evitar la enajenaci\u00f3n, seg\u00fan lo establecido en las Leyes de Reforma, por medio de las compa\u00f1\u00edas deslindadoras en beneficio de particulares.<\/p>\n<p style=\"text-align: justify;\">El ayuntamiento pagaba la beca al alumno municipal para que asistiera al Instituto Literario de Toluca. En 1896 estaba becado Crist\u00f3bal Olmedo, el que posteriormente ser\u00eda un profesor destacado, tanto en esta comunidad como en otras del Estado de M\u00e9xico, entre otras actividades se dedic\u00f3 a la investigaci\u00f3n hist\u00f3rica.<\/p>\n<p style=\"text-align: justify;\">Para propiciar el desarrollo del campo, se construy\u00f3 el ferrocarril Toluca-Atlatlauhca, beneficiando a Mexicaltzingo, ya que le permit\u00eda transportar sus productos agr\u00edcolas y l\u00e1cteos, para su venta a otros lugares de la comarca.<\/p>\n<p style=\"text-align: justify;\">El pueblo de Mexicaltzingo no tuvo una participaci\u00f3n significativa durante el proceso de la Revoluci\u00f3n mexicana, la vida sigui\u00f3 su curso normal, excepto en la etapa de los zapatistas y carrancistas ya que fue asaltado constantemente por estas facciones.\u00a0 Sin embargo, no se puede dejar de lado la participaci\u00f3n de algunas personas inconformes con la opresi\u00f3n y que lucharon por el cambio; algunos de ellos nunca regresaron, ni se supo nada. Se puede mencionar entre ellos a Agapito Sosa, Honorio Jim\u00e9nez, Pascual Aldama, el mayor Jos\u00e9 Balula as\u00ed como otros mexicaltzinguenses que dieron su sangre por lograr un M\u00e9xico m\u00e1s justo.<\/p>\n<p style=\"text-align: justify;\">Durante este periodo el Sr. Gabino A. Rold\u00e1n era administrador de una hacienda en Cuernavaca, por lo que contrataba gente que fuera a trabajar en los ingenios de az\u00facar.\u00a0 En esos lugares conoci\u00f3 a Emiliano Zapata, quien tuvo contacto con la gente de Mexicaltzingo; Rold\u00e1n apoyaba la causa que postulaba este rebelde suriano.<\/p>\n<p style=\"text-align: justify;\">El problema sobre la posesi\u00f3n de El Llano segu\u00eda latente. En 1913 se firm\u00f3 un convenio por 99 a\u00f1os para que la sociedad agr\u00edcola siguiera administrando las utilidades de El Llano y adem\u00e1s pagara los respectivos impuestos al ayuntamiento.<\/p>\n<p style=\"text-align: justify;\">Los ayuntamientos se suced\u00edan en forma pac\u00edfica, suscit\u00e1ndose un incidente hasta 1914, a\u00f1o en que fue depuesto el presidente municipal electo y se nombr\u00f3 una Junta Municipal por orden de Francisco Murgu\u00eda, el entonces gobernador y comandante pol\u00edtico carrancista.<\/p>\n<p style=\"text-align: justify;\">En los meses de mayo y junio de 1915, San Miguel Chapultepec invadi\u00f3 el Rancho San Crist\u00f3bal con el pretexto de que Zapata les orden\u00f3 tomar las tierras que les pertenec\u00edan. Pero el entonces gobernador interno Gustavo Baz orden\u00f3 se le devolviera a Mexicaltzingo sus tierras.<\/p>\n<p style=\"text-align: justify;\">En 1920 a instancias de Gabino A. Rold\u00e1n y Felipe Estrada, se hicieron las gestiones ante las autoridades agrarias logrando que los terrenos de labor del Rancho San Crist\u00f3bal se convirtieran en ejido, por lo que se fraccion\u00f3 en 600 parcelas de un cuarto de hect\u00e1rea cada una, beneficiando a un n\u00famero igual de campesinos jefes de familia.<\/p>\n<p style=\"text-align: justify;\">En la d\u00e9cada de los cuarenta se inicia la construcci\u00f3n de la carretera que dar\u00eda mayor comunicaci\u00f3n a la poblaci\u00f3n. A principios de la d\u00e9cada de los cincuenta empiezan a aparecer en el municipio autom\u00f3viles y aparatos el\u00e9ctricos, principalmente la radio, puesto que ya se contaba con energ\u00eda el\u00e9ctrica.<\/p>\n<p style=\"text-align: justify;\">Para apoyar la educaci\u00f3n, el edificio de la escuela primaria, construido en 1922, fue reacondicionado en 1952, convirti\u00e9ndose en escuela mixta federal. Los pocos j\u00f3venes que terminaban la primaria continuaban sus estudios superiores en Toluca. En 1966 se iniciaron las gestiones para construir un edificio m\u00e1s amplio para la primaria. Dicho proyecto fue aprobado por el gobierno del estado. El edificio se construy\u00f3 en \u00abEl Potrero\u00bb y se inaugur\u00f3 en 1970.<\/p>\n<p style=\"text-align: justify;\">Durante 1970-1972 se termin\u00f3 de introducir el agua potable y el drenaje en la cabecera municipal, con la participaci\u00f3n de toda la comunidad y la ayuda gubernamental. Tambi\u00e9n se empez\u00f3 la remodelaci\u00f3n y acondicionamiento de la Plaza Hidalgo, junto con la ampliaci\u00f3n del alumbrado p\u00fablico. De 1973 a 1975 se remodel\u00f3 parte de la calle Independencia y se hizo la carretera Mexicaltzingo-Santiago-Tianguistenco.<\/p>\n<p style=\"text-align: justify;\">Durante 1976 a 1978 se edific\u00f3 el mercado 16 de septiembre, se termin\u00f3 el edificio del jard\u00edn de ni\u00f1os, la telesecundaria y el pavimentado de las calles Independencia y Morelos. En el periodo 1979-1981 se cre\u00f3 la biblioteca municipal, el jard\u00edn de ni\u00f1os Nentambati, y se inici\u00f3 tambi\u00e9n la secundaria estatal, as\u00ed como de su edificio.<\/p>\n<p style=\"text-align: justify;\">De 1982 a 1984 se inaugur\u00f3 la nueva secci\u00f3n del palacio municipal, la terminaci\u00f3n de la secundaria estatal, otro m\u00f3dulo de la telesecundaria, se iniciaron las labores del jard\u00edn de ni\u00f1os Teceltican, el acondicionamiento del alumbrado p\u00fablico con luz fluorescente y otras obras m\u00e1s.<\/p>\n<p style=\"text-align: justify;\">Durante el periodo de gobierno municipal 1985-1987 se cre\u00f3 la escuela primaria estatal Axay\u00e1catl, se termin\u00f3 la construcci\u00f3n del edificio del jard\u00edn de ni\u00f1os Teceltican, se estableci\u00f3 en el palacio municipal la biblioteca p\u00fablica \u00ab\u0080\u009cLorenzo Camacho Escamilla\u00bb\u0080\u009d, se encementaron varias calles, se ampli\u00f3 la red de agua potable y drenaje, as\u00ed como el alumbrado p\u00fablico.<\/p>\n<p style=\"text-align: justify;\">En el periodo 1988-1990 se estableci\u00f3 la escuela preparatoria estatal, se remodel\u00f3 el edificio de la ex-estaci\u00f3n del ferrocarril y se instal\u00f3 la casa de cultura. Se construyeron el jard\u00edn p\u00fablico Benito Ju\u00e1rez, un tecalli de vigilancia, los edificios del jard\u00edn de ni\u00f1os Nentambati y de la escuela primaria Axay\u00e1catl. Se dio mantenimiento a los edificios p\u00fablicos y se amplio la cobertura de los servicios p\u00fablicos de alumbrado, agua potable, drenaje y alcantarillado, adem\u00e1s de pavimentar varias calles de la cabecera municipal.<\/p>\n<p style=\"text-align: justify;\">Entre 1991 a 1993, se continu\u00f3 con las obras p\u00fablicas como la Guarder\u00eda Infantil Conetzin, el encementado de calles y otras acciones m\u00e1s; sin embargo, por conflictos internos del ayuntamiento se depuso al presidente municipal, sustituy\u00e9ndolo por el primer regidor.<\/p>\n<p style=\"text-align: justify;\">Entre 1994 a 1996 la administraci\u00f3n p\u00fablica municipal se aboc\u00f3 a la soluci\u00f3n de los problemas ecol\u00f3gicos y de salud, se instalaron trampas de grasa en los obradores de chicharr\u00f3n, se puso en funcionamiento una presa de gavi\u00f3n para captar las aguas broncas del Nevado de Toluca, se abri\u00f3 al p\u00fablico la Cl\u00ednica Municipal, entre otras acciones.<\/p>\n&nbsp;\t\t\t\t\t\t<\/div>\n\t\t\t\t<\/div>\n\t\t            <\/div>\n        <\/div>\n                            <\/div>\n        <\/section>\n                <section class=\"elementor-section elementor-top-section elementor-element elementor-element-2b5b5683 elementor-section-boxed elementor-section-height-default elementor-section-height-default ct-header-fixed-none\" data-id=\"2b5b5683\" data-element_type=\"section\">\n            \n                        <div class=\"elementor-container elementor-column-gap-extended \">\n                    <div class=\"elementor-column elementor-col-100 elementor-top-column elementor-element elementor-element-4106b489\" data-id=\"4106b489\" data-element_type=\"column\">\n            <div class=\"elementor-widget-wrap elementor-element-populated\">\n                        \t\t<div class=\"elementor-element elementor-element-5b8ee2df elementor-widget elementor-widget-ct_clients_list\" data-id=\"5b8ee2df\" data-element_type=\"widget\" data-widget_type=\"ct_clients_list.default\">\n\t\t\t\t<div class=\"elementor-widget-container\">\n\t\t\t    <div class=\"ct-client1 ct-slick-slider style1\">\r\n        <div class=\"ct-clients-list-inner\">\r\n            <div class=\"ct-slick-carousel\" data-arrows=\"\" data-dots=\"\" data-pauseOnHover=\"\" data-autoplay=\"true\" data-autoplaySpeed=\"8000\" data-infinite=\"true\" data-speed=\"800\" data-colxs=\"2\" data-colsm=\"3\" data-colmd=\"4\" data-collg=\"4\" data-colxl=\"4\" data-dir=\"false\" data-slidesToScroll=\"1\">\r\n                                        <div class=\"slick-slide\">\r\n                            <div class=\"client-image wow zoomIn\">\r\n                                <a href=\"#\">\r\n                                    <img decoding=\"async\" width=\"279\" height=\"177\" src=\"https:\/\/www.mexicaltzingo.gob.mx\/2022\/wp-content\/uploads\/2022\/04\/toponimio.jpg\" class=\"ct-thumb-1 attachment-full\" alt=\"\" \/>                                                                    <\/a>\r\n                            <\/div>\r\n                        <\/div>\r\n                                                            <div class=\"slick-slide\">\r\n                            <div class=\"client-image wow zoomIn\">\r\n                                <a href=\"#\">\r\n                                    <img decoding=\"async\" width=\"279\" height=\"177\" src=\"https:\/\/www.mexicaltzingo.gob.mx\/2022\/wp-content\/uploads\/2022\/04\/dif.jpg\" class=\"ct-thumb-1 attachment-full\" alt=\"\" \/>                                                                    <\/a>\r\n                            <\/div>\r\n                        <\/div>\r\n                                                            <div class=\"slick-slide\">\r\n                            <div class=\"client-image wow zoomIn\">\r\n                                <a href=\"#\">\r\n                                    <img decoding=\"async\" width=\"279\" height=\"177\" src=\"https:\/\/www.mexicaltzingo.gob.mx\/2022\/wp-content\/uploads\/2022\/04\/imcufidem.jpg\" class=\"ct-thumb-1 attachment-full\" alt=\"\" \/>                                                                    <\/a>\r\n                            <\/div>\r\n                        <\/div>\r\n                                                            <div class=\"slick-slide\">\r\n                            <div class=\"client-image wow zoomIn\">\r\n                                <a href=\"#\">\r\n                                    <img decoding=\"async\" width=\"279\" height=\"177\" src=\"https:\/\/www.mexicaltzingo.gob.mx\/2022\/wp-content\/uploads\/2022\/04\/casa-cultura.jpg\" class=\"ct-thumb-1 attachment-full\" alt=\"\" \/>                                                                    <\/a>\r\n                            <\/div>\r\n                        <\/div>\r\n                                                            <div class=\"slick-slide\">\r\n                            <div class=\"client-image wow zoomIn\">\r\n                                <a href=\"#\">\r\n                                    <img decoding=\"async\" width=\"279\" height=\"177\" src=\"https:\/\/www.mexicaltzingo.gob.mx\/2022\/wp-content\/uploads\/2022\/04\/policia-municipal.jpg\" class=\"ct-thumb-1 attachment-full\" alt=\"\" \/>                                                                    <\/a>\r\n                            <\/div>\r\n                        <\/div>\r\n                                                <\/div>\r\n        <\/div>\r\n    <\/div>\r\n\t\t<\/div>\n\t\t\t\t<\/div>\n\t\t            <\/div>\n        <\/div>\n                            <\/div>\n        <\/section>\n        \t\t\t\t\t<\/div>\n\t\t","protected":false},"excerpt":{"rendered":"<p>En el territorio que hoy ocupa el municipio de Mexicaltzingo existen parajes denominados Las Palmas y La Loma, antes Tecacaxtitla, en los que se encuentra cer\u00e1mica perteneciente a la \u00e9poca teotihuacana. Hubo, tambi\u00e9n una estrecha relaci\u00f3n entre Toluca y Tula. Axay\u00e1catl, as\u00ed como orden\u00f3 que se fundara Calixtlahuaca, hizo lo propio para que cierto n\u00famero [&hellip;]<\/p>\n","protected":false},"author":1,"featured_media":0,"parent":0,"menu_order":0,"comment_status":"closed","ping_status":"closed","template":"","meta":{"footnotes":""},"class_list":["post-407","page","type-page","status-publish","hentry"],"_links":{"self":[{"href":"https:\/\/www.mexicaltzingo.gob.mx\/2022\/wp-json\/wp\/v2\/pages\/407","targetHints":{"allow":["GET"]}}],"collection":[{"href":"https:\/\/www.mexicaltzingo.gob.mx\/2022\/wp-json\/wp\/v2\/pages"}],"about":[{"href":"https:\/\/www.mexicaltzingo.gob.mx\/2022\/wp-json\/wp\/v2\/types\/page"}],"author":[{"embeddable":true,"href":"https:\/\/www.mexicaltzingo.gob.mx\/2022\/wp-json\/wp\/v2\/users\/1"}],"replies":[{"embeddable":true,"href":"https:\/\/www.mexicaltzingo.gob.mx\/2022\/wp-json\/wp\/v2\/comments?post=407"}],"version-history":[{"count":10,"href":"https:\/\/www.mexicaltzingo.gob.mx\/2022\/wp-json\/wp\/v2\/pages\/407\/revisions"}],"predecessor-version":[{"id":6283,"href":"https:\/\/www.mexicaltzingo.gob.mx\/2022\/wp-json\/wp\/v2\/pages\/407\/revisions\/6283"}],"wp:attachment":[{"href":"https:\/\/www.mexicaltzingo.gob.mx\/2022\/wp-json\/wp\/v2\/media?parent=407"}],"curies":[{"name":"wp","href":"https:\/\/api.w.org\/{rel}","templated":true}]}}